o base 10
8
Convert -123 (base 10) to base 16.
-7b
7 (base 13) to base 6
11
2 (base 16) to base 13
2
161 (base 7) to base 8
134
0 (base 11) to base 13
0
Convert -ce (base 16) to base 12.
-152
-3 (base 4) to base 12
-3
Convert 12 (base 8) to base 9.
11
What is 423 (base 9) in base 12?
249
What is 13 (base 7) in base 5?
20
What is 10 (base 2) in base 15?
2
-a2 (base 12) to base 4
-1322
123 (base 9) to base 5
402
1 (base 12) to base 15
1
What is -3 (base 14) in base 5?
-3
What is 2020 (base 3) in base 15?
40
What is -7 (base 11) in base 15?
-7
Convert -110 (base 11) to base 13.
-a2
Convert -20 (base 5) to base 6.
-14
What is -23 (base 10) in base 8?
-27
What is 1 (base 12) in base 7?
1
-10011 (base 3) to base 11
-78
-4 (base 5) to base 6
-4
Convert -4 (base 5) to base 12.
-4
Convert -1 (base 6) to base 7.
-1
8 (base 12) to base 16
8
What is -3 (base 9) in base 8?
-3
What is 3d (base 16) in base 5?
221
Convert -110 (base 2) to base 15.
-6
What is -100111 (base 2) in base 4?
-213
3321 (base 4) to base 9
306
Convert 11 (base 5) to base 9.
6
-2 (base 11) to base 14
-2
-120 (base 4) to base 7
-33
-543 (base 6) to base 8
-317
What is 111 (base 4) in base 3?
210
What is -18 (base 10) in base 3?
-200
Convert -49 (base 12) to base 13.
-45
0 (base 4) to base 15
0
What is -11 (base 3) in base 4?
-10
20 (base 5) to base 3
101
-4 (base 8) to base 11
-4
What is -12130 (base 4) in base 11?
-345
What is 4 (base 5) in base 16?
4
Convert 1140 (base 5) to base 2.
10101010
0 (base 7) to base 15
0
Convert -1 (base 13) to base 9.
-1
Convert -10010010 (base 2) to base 13.
-b3
Convert -10 (base 12) to base 16.
-c
-1 (base 10) to base 11
-1
Convert -23 (base 7) to base 3.
-122
-13c (base 15) to base 11
-237
-16 (base 14) to base 13
-17
What is -2 (base 10) in base 16?
-2
What is -3 (base 11) in base 15?
-3
What is -61 (base 8) in base 15?
-34
16 (base 16) to base 8
26
What is -3 (base 7) in base 12?
-3
Convert 19 (base 13) to base 11.
20
Convert -41 (base 6) to base 4.
-121
-12 (base 13) to base 14
-11
3 (base 16) to base 12
3
-16 (base 8) to base 3
-112
Convert 30 (base 7) to base 2.
10101
-5 (base 11) to base 5
-10
What is 312 (base 6) in base 9?
138
Convert -3 (base 11) to base 15.
-3
What is -1010 (base 2) in base 14?
-a
Convert -1010100 (base 2) to base 3.
-10010
Convert 42 (base 16) to base 13.
51
What is 3 (base 11) in base 14?
3
What is d (base 14) in base 15?
d
-10 (base 3) to base 13
-3
11 (base 2) to base 11
3
-10 (base 3) to base 5
-3
What is -1b (base 14) in base 16?
-19
-8 (base 9) to base 10
-8
-20 (base 15) to base 3
-1010
1 (base 16) to base 9
1
Convert 115 (base 12) to base 16.
a1
14 (base 6) to base 12
a
What is -1101000 (base 2) in base 9?
-125
What is 21212 (base 3) in base 9?
255
-7c (base 13) to base 10
-103
-1 (base 13) to base 3
-1
-98 (base 15) to base 10
-143
What is -2 (base 7) in base 12?
-2
What is b (base 16) in base 9?
12
What is -31 (base 4) in base 10?
-13
What is -1 (base 2) in base 15?
-1
27 (base 9) to base 12
21
a (base 16) to base 8
12
Convert 100 (base 4) to base 12.
14
14 (base 9) to base 14
d
What is 10 (base 2) in base 12?
2
What is 32 (base 7) in base 5?
43
11 (base 4) to base 13
5
Convert 155 (base 10) to base 3.
12202
-6 (base 8) to base 14
-6
Convert -1 (base 12) to base 16.
-1
-112 (base 10) to base 11
-a2
1 (base 12) to base 4
1
69 (base 14) to base 3
10110
Convert -110 (base 2) to base 14.
-6
What is -4 (base 6) in base 9?
-4
Convert -6 (base 12) to base 9.
-6
Convert -3 (base 5) to base 8.
-3
-2 (base 3) to base 5
-2
144 (base 9) to base 10
121
What is 12 (base 16) in base 4?
102
What is -1 (base 10) in base 14?
-1
What is -6 (base 15) in base 9?
-6
-1b (base 13) to base 12
-20
Convert -2 (base 15) to base 12.
-2
Convert c (base 13) to base 14.
c
-323 (base 4) to base 5
-214
What is -d (base 16) in base 12?
-11
Convert -3 (base 14) to base 9.
-3
What is -9 (base 16) in base 3?
-100
Convert b (base 12) to base 15.
b
-10202 (base 3) to base 11
-92
Convert 114 (base 5) to base 2.
100010
What is -4 (base 15) in base 11?
-4
-21 (base 5) to base 9
-12
-31 (base 11) to base 4
-202
22 (base 11) to base 14
1a
Convert 210 (base 8) to base 11.
114
Convert -10011110 (base 2) to base 12.
-112
121 (base 5) to base 16
24
Convert 198 (base 10) to base 14.
102
Convert -96 (base 12) to base 8.
-162
What is 52 (base 12) in base 15?
42
Convert -10 (base 4) to base 3.
-11
-10032 (base 4) to base 3
-101000
What is -13 (base 6) in base 11?
-9
What is d (base 14) in base 16?
d
Convert 3 (base 5) to base 11.
3
Convert -2220 (base 3) to base 15.
-53
What is 3 (base 7) in base 2?
11
130 (base 7) to base 10
70
Convert 25 (base 6) to base 7.
23
Convert 100000011 (base 2) to base 13.
16c
-16 (base 16) to base 3
-211
What is -36 (base 11) in base 2?
-100111
2 (base 4) to base 15
2
Convert -7 (base 11) to base 13.
-7
Convert -5 (base 12) to base 5.
-10
32 (base 16) to base 9
55
What is 1100000 (base 2) in base 10?
96
1a (base 11) to base 16
15
Convert 1323 (base 4) to base 9.
146
What is 2 (base 9) in base 12?
2
What is -4 (base 9) in base 14?
-4
-2a3 (base 12) to base 16
-19b
Convert -2 (base 11) to base 2.
-10
What is 20 (base 5) in base 10?
10
What is -15 (base 10) in base 14?
-11
-1102 (base 4) to base 3
-10001
Convert -2 (base 5) to base 10.
-2
What is -257 (base 13) in base 2?
-110011010
What is -3 (base 13) in base 14?
-3
Convert -d (base 14) to base 9.
-14
-100101110 (base 2) to base 14
-178
Convert 12111 (base 3) to base 11.
125
What is 1 (base 9) in base 14?
1
Convert 1 (base 12) to base 9.
1
-15 (base 9) to base 4
-32
4 (base 8) to base 7
4
-3 (base 13) to base 2
-11
What is -1 (base 3) in base 8?
-1
What is 0 (base 8) in base 11?
0
Convert -8 (base 14) to base 5.
-13
Convert c (base 13) to base 5.
22
-17 (base 10) to base 2
-10001
Convert 6 (base 15) to base 2.
110
Convert -9 (base 15) to base 6.
-13
What is 5 (base 7) in base 6?
5
Convert -14 (base 7) to base 13.
-b
-14 (base 7) to base 3
-102
Convert 115 (base 14) to base 8.
327
20 (base 4) to base 11
8
Convert -6 (base 9) to base 12.
-6
Convert -3 (base 12) to base 9.
-3
Convert 11b (base 13) to base 6.
521
Convert -12 (base 12) to base 15.
-e
-c (base 15) to base 9
-13
Convert -20 (base 3) to base 9.
-6
Convert -71 (base 12) to base 13.
-67
Convert 6 (base 11) to base 3.
20
Convert 2 (base 5) to base 13.
2
Convert -22 (base 3) to base 4.
-20
Convert 6 (base 16) to base 10.
6
Convert -21 (base 4) to base 13.
-9
What is 111 (base 11) in base 6?
341
What is 12 (base 13) in base 12?
13
Convert -22 (base 11) to base 12.
-20
4a (base 14) to base 15
46
-3 (base 10) to base 13
-3
Convert -82 (base 11) to base 2.
-1011010
2 (base 13) to base 5
2
-1 (base 13) to base 12
-1
10 (base 7) to base 14
7
Convert 11 (base 3) to base 6.
4
171 (base 15) to base 6
1311
What is -a4 (base 14) in base 15?
-99
130 (base 5) to base 8
50
What is 102212 (base 3) in base 8?
500
What is -101 (base 5) in base 10?
-26
-20212 (base 3) to base 14
-d3
What is -1101011 (base 2) in base 7?
-212
Convert 1 (base 5) to base 9.
1
What is 54 (base 8) in base 14?
32
1011 (base 3) to base 5
111
What is -5 (base 11) in base 9?
-5
Convert 11 (base 8) to base 15.
9
Convert 8b (base 15) to base 3.
11212
What is -1040 (base 5) in base 9?
-171
-2 (base 3) to base 13
-2
What is -10 (base 4) in base 2?
-100
What is e (base 15) in base 6?
22
What is d (base 15) in base 14?
d
-51 (base 10) to base 11
-47
Convert 8 (base 15) to base 5.
13
55 (base 13) to base 15
4a
What is -1 (base 8) in base 3?
-1
Convert 11 (base 3) to base 4.
10
Convert 21210 (base 3) to base 14.
110
Convert 10 (base 2) to base 12.
2
-12a (base 14) to base 10
-234
-3321 (base 4) to base 3
-100020
-d (base 14) to base 2
-1101
What is -222 (base 4) in base 13?
-33
What is -149 (base 10) in base 12?
-105
0 (base 11) to base 12
0
-5 (base 12) to base 7
-5
-1 (base 12) to base 16
-1
What is 2 (base 8) in base 13?
2
1 (base 10) to base 6
1
2 (base 11) to base 2
10
Convert -4 (base 16) to base 12.
-4
What is -15 (base 10) in base 13?
-12
-35 (base 6) to base 14
-19
What is -24 (base 8) in base 10?
-20
Convert 9b (base 15) to base 13.
b3
What is 3 (base 16) in base 11?
3
-3 (base 16) to base 14
-3
Convert 0 (base 4) to base 11.
0
Convert -2212 (base 3) to base 9.
-85
Conver